 Let d = -14103 + z. Is d a composite number?
False
Let x(m) = 172*m**3 - 10*m**2 + 11*m + 16. Let r be x(8). Suppose -n + 21893 = -5*f, -4*n + 62*f - 64*f = -r. Is n a prime number?
False
Suppose -7*a + 3*u = -2*a - 17, 3*u + 12 = 0. Let k be 2655/7 - (-4)/(-14). Is (a - 0)/(4 - 1515/k) a prime number?
True
Let j be 0*2/(-8)*-1. Suppose j = -h + u - 961, -7 - 1 = 4*u. Let m = h + 1484. Is m a prime number?
True
Suppose 3*p + 13*p = 16. Let b(s) = 2281*s**2 + 5*s - 3. Is b(p) a prime number?
False
Suppose 62*n = 61*n + 4188. Suppose 21*d - 32769 + n = 0. Is d a prime number?
True
Suppose -57*f = -63*f + 4614. Let w = 2026 - f. Is w a composite number?
True
Suppose -20*r + 104227 - 16074 = -16987. Is r prime?
False
Let x(m) = -m**2 + 3*m - 1. Let g be x(2). Let s be (-20)/(-12) + (-68)/12. Is -2 - g - (s + 9 + -451) a composite number?
False
Let r = 7808 + -3380. Suppose 5*u - 6260 = -5*w, -r = -4*u - 3*w + 579. Let f = u - 296. Is f a prime number?
False
Let z = -333 - -661. Suppose -3*i + 2*k = -919, 2*i - z = k + 285. Is i a composite number?
False
Suppose -5*n - 9129 = -z, -2*z - 4*n = -6*n - 18218. Is (z + -10)*(-1)/(-2) a composite number?
False
Let u be ((-8 - 82)/(-9))/2. Suppose -2*l + 27673 = 3*m, 2*l + 27500 = u*m - 18643. Is m a prime number?
True
Let c = -509689 - -717440. Is c composite?
True
Suppose -66*w = -74*w + 60576. Suppose 3*v - w = -9*v. Is v prime?
True
Let k(r) = 4*r**2 + 49*r + 158. Let o(u) = 2*u**2 + 40*u - 253. Let g be o(6). Is k(g) a composite number?
True
Suppose 12*x = -x - 47296 + 3963767. Is x a prime number?
True
Let k(q) = 8502*q**2 - 17*q + 16. Is k(1) a composite number?
False
Suppose -21825 = 12*d + 57675. Let g = 16212 + d. Is g a composite number?
False
Suppose -3*g + 11664 = -2016. Let l be 170467/(-55) + 8 + (-2)/(-5). Let m = g + l. Is m a composite number?
True
Let k = -50663 - -148084. Is k prime?
False
Let a = -799 + 26718. Is a a composite number?
False
Is ((-654714)/(-24))/(48/64) a prime number?
True
Let f = -2308 - -12684. Suppose -123*y = -115*y - f. Is y a prime number?
True
Is -6 - 138/(-23) - -83773 a prime number?
True
Let f = 4199169 + -1406960. Is f a prime number?
False
Is (((-12)/(-54))/(16/36))/((-4)/(-664)) a composite number?
False
Let a(d) = 129*d**2 + 7*d - 21. Let g(x) = 15*x**3 - 4*x**2 + 2*x + 1. Let y be g(1). Is a(y) composite?
True
Let a be (0/4)/(3/(-6 + 3)). Let r be 2/8*a - 2. Is ((-10060)/6)/r - 22/(-33) prime?
True
Let d(r) = -r**3 + 7*r**2 + 4*r - 13. Let g be d(7). Let p = g - 9. Suppose p*n - 9*n + 489 = 0. Is n a prime number?
True
Let o(r) = 14*r - 122. Let f be o(9). Suppose 2*b = -f*h + 3782, 4*h - 4252 = -5*b - 455. Is h a prime number?
False
Let s(q) = 5*q**2 - 163*q + 1 + 152*q + 10. Suppose 4*i - 2*x = -14, 3*i - x = 2*x - 3. Is s(i) a composite number?
False
Let y = 232531 - 113270. Is y prime?
False
Suppose 20*o + 4*x = 19*o + 50, -55 = -o + x. Suppose o*t + 41322 = 60*t. Is t a prime number?
False
Suppose -62*p = 5*v - 67*p - 1122720, 3*v - 5*p = 673642. Is v a prime number?
False
Let z(a) = -a - 1. Let g(r) = r**3 - r**2 + r. Let u(c) = g(c) + 3*z(c). Is u(10) prime?
True
Is (-4)/6 - 1887729*((-8)/72 + 0) prime?
False
Let p(t) be the third derivative of 7*t**6/180 + t**5/24 + 3*t**4/4 + 5*t**3/2 + 8*t**2. Let w(u) be the first derivative of p(u). Is w(7) prime?
True
Let x(k) = 7992*k**3 + 3*k**2 - 12*k + 10. Suppose 65 - 61 = 4*s. Is x(s) composite?
False
Suppose -5*t + 16436 + 16384 = 5*k, t = 4*k - 26281. Suppose -o + 1362 = -4*n, 0 = 5*o + 4*n - 265 - k. Is o composite?
True
Suppose 3*b + 10733 = 2*h, -3*h + 411*b + 16102 = 406*b. Is h prime?
False
Let m = 30156 + 59897. Is m composite?
False
Let x = -4784 - -26265. Is x a composite number?
False
Let t(d) be the third derivative of 23*d**7/1680 + d**6/360 + 23*d**5/60 + 30*d**2. Let m(l) be the third derivative of t(l). Is m(4) prime?
False
Suppose 41*k - 16966467 = -57*k + 105623. Is k composite?
True
Let x = -769007 - -1150920. Is x a prime number?
False
Suppose -3*b - 5313 = 3*u, b = -0*u - 3*u - 5311. Let j = u - -2663. Is j a composite number?
True
Let q = -77 + 71. Let t(z) = z**3 + 2*z**2 - 25*z + 3. Let r be t(q). Let p(y) = 2*y**2 - 19*y + 15. Is p(r) a prime number?
False
Suppose 0 = -5*a - 5*j - 10, 0 = -a - 0*a + j + 2. Suppose 3800 = w - 3*b, 4*w - 15217 = -a*w - 5*b. Is w prime?
True
Let h be 3 + -2 + 1 + 8. Suppose h*v - 9*v = 4583. Is v prime?
True
Let c = 75810 + 6095. Is c a prime number?
False
Let l(c) = -3 - 8 - 2 - 6 + 6*c**2 - 6*c. Suppose 27 + 3 = 3*d. Is l(d) a prime number?
True
Let h(o) = 12057*o**3 - o**2 - 10*o + 9. Is h(1) composite?
True
Let w be 9/2*2/(-3). Let p be (-123)/(w + 78/27). Suppose -4*t - t = q - 5490, -p = -t - 2*q. Is t composite?
False
Suppose -33*r - 138153 = 494853. Let a = 3047 - r. Is a a composite number?
False
Let u = 43 + -41. Let d(h) = -99*h**2 + 72*h**2 - 2*h - 4 + 5 + 196*h**2. Is d(u) a composite number?
False
Suppose -2*x - 1 = -3*x + n, 0 = 4*x - 3*n - 6. Suppose -x*y + 11 = 2. Suppose 0*w + 5*w - 1651 = 4*g, -y*g = -3. Is w a prime number?
True
Let l(t) = 1719*t**2 + 157*t + 763. Is l(-5) a prime number?
True
Is ((-21)/35 - (-54)/15) + 10076 a composite number?
False
Suppose -2*r = 5*x - 1765239, -116*x + r + 1059139 = -113*x. Is x prime?
True
Let b(s) = 1567*s + 26. Let k be b(3). Suppose -t = -3*r + k + 18242, -2*t = -r + 7663. Is r prime?
False
Let d = 56 - 40. Suppose 4*o + 9 = 1, -3*o = -5*m + d. Suppose -3*a = m*a - 185. Is a a prime number?
True
Let y(c) = -26*c + 78. Let d be y(-5). Let v = -81 + d. Is v prime?
True
Let v = 47441 - 26970. Is v a composite number?
True
Suppose -4*s = 2*i - 14736 + 3202, 2*s + 17277 = 3*i. Is i prime?
False
Let g = -7845 + 14092. Is g a prime number?
True
Let m = -13918 + 32558. Let v = -10914 + m. Is v a prime number?
False
Let x = 25 - 19. Suppose -x*v = 932 - 9242. Is v prime?
False
Is ((-2)/(-5))/((-70)/(-40816825)) composite?
False
Suppose 0 = 8*h - 6*h. Let k be h + (-10132)/(-24) + 2/(-12). Is k*(70/(-4))/(-7) composite?
True
Is ((-10)/(-75))/(12/3859794)*5 composite?
False
Let g be (-11)/44 + 41/4. Let t = g + -2. Is (-1228)/t*(1 + -3) prime?
True
Let v = 561 + -568. Let k(q) = 80*q**2 - 6*q - 3. Is k(v) a composite number?
True
Suppose -5*m + 5*k + 349 = -1726, 0 = 5*m - k - 2071. Is m*(-24)/(-9) - 5 a prime number?
False
Let c(o) = 133*o**2 + o + 1. Let v(f) = f**3 - 7*f**2 - 10*f + 15. Let u be (32/(-2))/(-8 + 6). Let w be v(u). Is c(w) a composite number?
True
Suppose 0 = 21*b - 55*b + 264146. Is b prime?
False
Suppose 4*z = -4*w + 608 - 8, z - 4*w = 135. Is (-6)/14 - (-71652)/z a prime number?
True
Let o(g) = -2*g + 7*g**2 + 17 - 5*g**2 + 2*g**2. Is o(-13) a composite number?
False
Let z(p) = -45*p**3 + 15*p**2 + 31*p - 1. Let r be z(-11). Suppose 10*m = 2*m + r. Is m prime?
False
Let m = 12549 + 920. Is m a prime number?
True
Let t = -8403 + 20390. Is t a composite number?
False
Let d(j) be the first derivative of j**4/4 - 11*j**3/3 - 11*j**2/2 - 8*j - 22. Let n be d(12). Suppose -3*r + 39 = n*t - 988, -533 = -2*t + 5*r. Is t composite?
True
Is 15/(-1*3) + (-465384 + -26)/(-5) a composite number?
False
Let g(r) = 11*r**2 - 5*r - 49. Let v(o) = 5*o**2 - 3*o - 24. Let i(s) = -3*g(s) + 7*v(s). Suppose 0 = -0*y + 3*y + 39. Is i(y) composite?
True
Suppose -4*d - 51 = 5*k, 5*k = 2*d + 2*d - 19. Is (-60)/(-140) - 26618/k a prime number?
True
Is ((-18)/90*20/6)/((-6)/469323) a composite number?
False
Let m = 196 - 123. Suppose -78*u + m*u = -125485. Is u a composite number?
False
Let b(z) = 2486*z**2 - z - 77. Is b(-10) a prime number?
True
Suppose 101*i + 15544284 = 57*i + 128*i. Is i composite?
False
Let m(l) = -l**2 - 15*l - 9. Let f be m(-13). Suppose f = -4*d + i, -3*d - 15 = -5*i + 2*i. Is 1/d + 2650/8 composite?
False
Let d(x) = 2*x + 9. Suppose 2*s + 5 = -1. Let l be d(s). Suppose 4 - 637 = -l*h. Is h composite?
False
Let m(g) = 4*g + 18. Let j be m(-5). Is (j/(-4))/(10/68140) composite?
False
Let p = 8495706 - 4786775. Is p prime?
True
Let c be -198*1140/(-18) + -3. Let v = c + -8930. Is v composite?
False
Let d(g) = 135*g**3 - g**2 + 7*g + 18. Let r be d(5). Let c = r + -4832. Is c a prime number?
True
Suppose z + 2*q = 41968, 209812 = 6*z - z + 3*q. Suppose 0 = 6*c - 5446 - z. Is 